lculate the remainder when 75 is divided by t.
23
Let a = -88 + 112. Calculate the remainder when 12/9*(-138)/(-4) is divided by a.
22
Let p(f) = 10*f**3 + f**2 + f - 1. Let x(u) = u**3 + 6*u**2 - 9*u - 10. What is the remainder when p(1) is divided by x(-7)?
3
Suppose 2*r - 5 = 47. Let v = r + -13. What is the remainder when v is divided by 8?
5
Let l be 20/(-6)*(-6)/5. Suppose s - l = 0, -4 = -2*h - 3*s + 2*s. Suppose h = x + 16 - 39. What is the remainder when x is divided by 12?
11
Let a be (3 + -5 + -3)/(-1). Let y = 20 - a. What is the remainder when 27 is divided by y?
12
What is the remainder when (-48)/(3 + -5) - (-2 + 6) is divided by 6?
2
Suppose -13*k + 30 = -7*k. What is the remainder when 24 is divided by k?
4
Suppose 2*d = l - 5*l + 4, 3*d + 3*l = 12. Calculate the remainder when (-3 - -6)*74/d is divided by 2/(-4) - 42/(-4).
7
Suppose 3*h = -12, 2*x + 6 = -5*h + 4. Let r(s) = 2*s - 15. What is the remainder when r(24) is divided by x?
6
Suppose -h = 3*h - 52. Calculate the remainder when 25 is divided by h.
12
Let i = 45 - -16. Calculate the remainder when i is divided by 43/2 + (-2)/4.
19
Suppose w - 42 = 4*r, -4*w - 4*r = -3*w - 2. Calculate the remainder when 75 is divided by w.
9
Calculate the remainder when 33 is divided by (-2 + 5)/(3/9).
6
Suppose 72 = 3*z + 3*p - 4*p, -2*z = 3*p - 48. Calculate the remainder when 0 + (-48)/(-36) + 203/3 is divided by z.
21
Let f(c) = -4*c + 1. Let g be (-12)/(-4) + -9 + 1. Calculate the remainder when 39 is divided by f(g).
18
Let s = 9 + -7. Suppose -6 = -s*v, n = -0*n + 3*v + 32. Let h = 39 + -28. What is the remainder when n is divided by h?
8
Let d = -19 - -33. Let p = -53 + 82. What is the remainder when (p - 0) + (-10)/5 is divided by d?
13
Suppose 0 = -4*c + 43 - 7. Let n be (-172)/(-8) + 4/(-8). Let u = n + -15. What is the remainder when c is divided by u?
3
Suppose -23*m = -24*m + 40. What is the remainder when 156 is divided by m?
36
Suppose 0 = -j + 3*q + 7, -3*q + 2*q = 2*j - 14. What is the remainder when 13 is divided by j?
6
Let n be 6/12 + 2/(-4). Suppose n = 2*r + 2*r - 112. Calculate the remainder when r is divided by 10.
8
Let t = -34 + 65. Calculate the remainder when t is divided by 16.
15
Suppose 2*w - 5*w - 78 = 0. Suppose 2*i = -3*i + 470. Let l = w + i. Calculate the remainder when l is divided by 23.
22
Suppose -66 - 86 = -2*j. Let o = 36 + -10. Calculate the remainder when j is divided by o.
24
Suppose -o + 4*o - 4*k = -197, -3*o - 5*k - 179 = 0. Let u = 97 + o. What is the remainder when u is divided by 9?
7
Let r be (9 - 8)*(-1 + -7). Let o(q) = q**2 + 5*q - 10. Calculate the remainder when 39 is divided by o(r).
11
Let l = 14 - 10. Let j(q) = 3*q - 3. Calculate the remainder when j(l) is divided by 3.
0
Let j = -16 + 30. What is the remainder when 25 is divided by j?
11
What is the remainder when 46 is divided by (-22)/11*(2 + -16)?
18
Calculate the remainder when 18 is divided by -3*(-141)/36 - (-8)/32.
6
What is the remainder when 50 is divided by ((-2)/4*34)/(-1)?
16
Suppose 0 = 2*r + 4*i - 12, -4*r + 18 + 6 = 4*i. Let d be 2/(1*(-3)/r). Let w(y) = -y**3 - 2*y**2 + 5*y + 1. Calculate the remainder when 37 is divided by w(d).
11
Let b(l) = -2*l + 1. Let y be b(-2). Suppose -y*x = -x + 40. Let p(d) = -d - 8. What is the remainder when p(x) is divided by 2?
0
Calculate the remainder when 3/(-6) - (-187)/2 is divided by 16.
13
Suppose -b = 5*g - 77, -3*g + 7*g - 3*b = 73. Let z = g + -8. Suppose -2*y + 7*y = -5*v + 125, -y + 19 = -2*v. Calculate the remainder when y is divided by z.
7
Let v = 10 + -4. Suppose 2*f = v*f. Suppose 16 = z - f. Calculate the remainder when z is divided by 6.
4
Let q = -125 + 127. What is the remainder when 3 is divided by q?
1
Let t = 23 + -8. Let u = 6 + 3. Calculate the remainder when t is divided by u.
6
Let q = -14 - -27. Suppose 2*m + 2*b = 2, -m = -0*b + 4*b - 4. Let i = m + 5. What is the remainder when q is divided by i?
3
Suppose -7*a + 432 = 11*a. Calculate the remainder when a is divided by 2.
0
Let u = -6 - -53. Calculate the remainder when u is divided by 12.
11
Suppose -u - u - 8 = 0, 5*u + 6 = -2*z. What is the remainder when 27 is divided by z?
6
Let i be (-4)/(-3)*6/4. Suppose -i*u - h = -60 + 22, 4*u - h - 70 = 0. What is the remainder when 33 is divided by u?
15
What is the remainder when (4/8)/((-1)/(-122)) is divided by ((-6)/(-15))/(5/200)?
13
Suppose -2*q + 27 + 53 = s, -5*q - 4*s = -206. Calculate the remainder when q is divided by 13.
12
Let j = 26 - -3. Suppose -5*h + 4*r = -54, 0*h - 5*h + 2*r = -52. Calculate the remainder when j is divided by h.
9
Let d(r) = 3*r - 1 - 3*r + 4*r. Calculate the remainder when d(4) is divided by 8.
7
Suppose -3*t = -2*a - 39, -5*a = 3*t - 25 - 14. Let x = 14 - 7. Calculate the remainder when t is divided by x.
6
Let l = -12 + 11. Calculate the remainder when 67 is divided by 25 + -2*l/(-1).
21
Let h(o) = -o + 14. Calculate the remainder when 108 is divided by h(-23).
34
Let u(g) = -g**3 + 4*g**2 - 6*g + 3. Let q be u(5). Let a = q - -101. Calculate the remainder when a is divided by 150/9 + (-2)/(-6).
15
Suppose 9*d - 10*d + 4 = 0. What is the remainder when 58/4 - 1/(-2) is divided by d?
3
Suppose 2*y = 3*o + 10, -o - 38 = -5*y - 0*o. What is the remainder when 15 is divided by y?
7
Let w(b) = 2*b + 7. Calculate the remainder when w(8) is divided by 13.
10
Let u(s) = -s + 17. Calculate the remainder when 22 is divided by u(11).
4
Let q(x) = 4*x**2 - x + 1. Let i = -2 - -4. Calculate the remainder when 56 is divided by q(i).
11
Let d(s) = -s**2 + 4*s. Let a be d(3). Let g be 2/(a - 2 - 2). Let q = 24 + g. Calculate the remainder when q is divided by 12.
10
Let x = 13 + 2. Suppose -31*y - 30 = -36*y. Calculate the remainder when x is divided by y.
3
Suppose -10*s = -14*s + 16. Let l = 62 + -35. What is the remainder when l is divided by 6/s*(-112)/(-24)?
6
What is the remainder when 15 is divided by (4/2)/((-1)/(-2))?
3
What is the remainder when 138 is divided by (-16)/(-40) + 519/15?
33
Let l(t) = -t - 6. Let a be l(-6). Suppose j + 5*g - 29 = a, -4*j - 3*g = -0*g - 82. Suppose -68 + 13 = -s. Calculate the remainder when s is divided by j.
17
Suppose -10 = -4*d - h + 2*h, -d + 10 = -4*h. Calculate the remainder when 20 is divided by d/4*-2 + 8.
6
Let z(v) = -v + 17. What is the remainder when 187 is divided by z(-21)?
35
Suppose 3*q + 2*k = -4, 5*k + 15 + 10 = 0. Suppose 4*a = -y + q*a + 23, -a - 60 = -5*y. Suppose -o - 3 + y = 0. What is the remainder when o is divided by 4?
2
Let b = -4 + 18. Suppose 2*f - b = -n, 0 = -2*f - f - 3*n + 27. Calculate the remainder when f is divided by 3.
2
Let b = 13 - 8. Suppose 0 = b*d - 2*d + 3*t, 4*d = -2*t + 4. Suppose 2*x + d*x - 72 = 0. Calculate the remainder when 35 is divided by x.
17
What is the remainder when 8*(80/36 + 2/(-9)) is divided by 12?
4
Suppose 2*f + 665 = 9*f. What is the remainder when f is divided by 8?
7
Suppose -4 = -3*z + 35. Calculate the remainder when (3 - 17)*14/(-4) is divided by z.
10
Let p = -92 + 132. What is the remainder when p is divided by 9?
4
Suppose 5*j - 39 - 16 = 0. Suppose 5*b - 20 = 0, -5*g - 4*b = -198 + 82. What is the remainder when g is divided by j?
9
Suppose -s + 3 = -0*s. Let n = 55 + -35. What is the remainder when n is divided by (7/s)/(4/12)?
6
Suppose -35 = -5*i + 5*l, -i - 4*l - 2 = 11. Suppose 3*y - 225 = -3*v, 2*y - i*v = -7*v + 146. Calculate the remainder when y is divided by 20.
17
Let n(p) be the first derivative of -p**2 - 4*p - 1. Let l = 0 - -2. Calculate the remainder when n(-3) is divided by l.
0
Let x(l) = l**2 - 10*l + 4. Suppose 2*k - 17 - 1 = 0. Let p = k - -1. Calculate the remainder when x(p) is divided by 3.
1
Suppose 18 = 12*z - 54. Calculate the remainder when z is divided by 2.
0
Suppose 12*z - 24 = 60. What is the remainder when -5*10/4*-2 is divided by z?
4
Let w = 36 + -15. Let a(m) = -m. Let r be a(-2). Suppose -5*h = -2*q + 2, 0 = -r*q - 0*h - h + 26. What is the remainder when w is divided by q?
10
What is the remainder when -3 + (-3)/9 + 67/3 is divided by 11?
8
Suppose 3*s = -6, 4*r + 0*r - 2*s = 104. What is the remainder when 48 is divided by r?
23
Suppose -5*u + 207 = 3*r - 7*r, 2*u - 5*r - 93 = 0. What is the remainder when u is divided by